e number?
False
Suppose 0 = v + b + 2, 0*b = 3*b + 15. Let r(n) = -n**3 + 5*n + 52*n**2 - 3*n**v - 63*n**2 - 4 - 15*n. Is r(-7) prime?
False
Suppose 0 = -68*x + 932910 - 425589 + 1174523. Is x a composite number?
False
Let x be 27/18*((-10)/(-3) - 2). Is 11703*x/((4 - 10)/(-1)) a composite number?
True
Suppose 16614 = q + 5*y, -3*q - 5*y + 50481 = 629. Is q a prime number?
True
Is (-4 - (1272996 + -2))*(-5)/10 a composite number?
False
Let d(q) = 22*q - 719. Let s be d(0). Let v = 1238 - 128. Let o = s + v. Is o prime?
False
Suppose -2*y + 5*i - 1 = -6*y, -11 = y + 5*i. Suppose 0 = 5*w + 5*t, -5*w - 3*t + y*t = 30. Is 710/(-4)*(-3 + 127/w) a composite number?
True
Suppose -2*q + 4*q + 365 = -f, 367 = -f - 3*q. Let a = -23 - f. Is 3*(a - (1 + 0)) composite?
True
Let w be ((-12 - -15)/((-6)/16))/(-2). Suppose 4*s = -l + 7724, -3*s + 5793 = -2*l + w*l. Is s a composite number?
False
Suppose 14*w - 21*w = -693. Suppose -6425 = w*y - 104*y. Suppose 12633 = 3*r - 3*m, -r = 5*m + y - 5496. Is r a composite number?
False
Let f(b) be the third derivative of 7/8*b**4 + 9*b**2 + 3/20*b**5 + 0*b + 5/6*b**3 + 0. Is f(-6) a composite number?
True
Let f be (1230/(-9))/(2/(-12)). Let x = 1056 - -705. Let s = f + x. Is s a composite number?
True
Let r = -10 + 25. Let n be (-4)/20 + 18/r - -2799. Let l = n + -1143. Is l a composite number?
False
Let d = 780 + 3245. Suppose 0 = -2*p - 5*i + 2558 + d, 0 = -5*i - 15. Is p composite?
False
Is 100588/3 - ((-22)/(-66))/1 a prime number?
True
Suppose 54*k - 8896085 = 2678869. Is k composite?
False
Let q(t) = -9 - 437*t + 13 + 1 + 6. Is q(-4) a prime number?
True
Let x(a) = -3956*a - 3795. Is x(-34) a composite number?
True
Let j(a) = 8*a**3 - 38*a**2 + 24*a - 361. Is j(17) prime?
False
Let c(j) = -22*j + 88. Let z be c(5). Let l(d) = -d**3 - 5*d**2 - 7*d - 31. Is l(z) a composite number?
True
Let a = -149 - 25. Let h = -199 - 120. Let q = a - h. Is q a prime number?
False
Suppose 5*v = 2*v + 30. Let l = v + -7. Suppose -2*d - 3*d + 305 = -l*s, -5*d - 5*s + 265 = 0. Is d composite?
True
Let w = 46 - 47. Let t be w/(((-18)/(-40))/9). Is 5/25 + (-9976)/t a prime number?
True
Suppose 0 = q - 2*v + 3 - 10, 3*q = 5*v + 19. Suppose -q*n - 936 = -9*n. Suppose z = 38 + n. Is z a composite number?
True
Let y = -76735 + 181764. Is y prime?
False
Suppose 66*r + 170 = 64*r. Let n = 86 + r. Let o(i) = 114*i + 5. Is o(n) prime?
False
Let j be (-138)/(-10) - (-1 + 2)/(-5). Let c(a) = -a**2 + 12*a + 31. Let l be c(j). Suppose -3713 = -l*w - 4*p, w = 2*p - 118 + 1369. Is w a composite number?
True
Let x be ((-1)/(-2))/(6/(8*24)). Suppose 0 = o - 1, -x = -2*t - 2*o + 6*o. Let p(q) = 9*q**2 - 3*q + 1. Is p(t) a composite number?
True
Let l = 32 + -8. Suppose 4*i - l = -2*i. Is (i + -2)/(9/((-15417)/(-6))) a composite number?
False
Suppose -6*l + 26 = 7*l. Suppose -2*s = -5*j + 62935, 0 = -l*j + 3*s - s + 25174. Is j a prime number?
False
Let u(z) = -z**2 - 4*z + 12. Let q be u(2). Suppose -17*s + 8553 + 50216 = q. Is s prime?
True
Suppose -1601210 = -2*j + 11*p - 15*p, -4*j + 5*p = -3202381. Is j a composite number?
False
Let v = -358 + 367. Suppose 3*h - 269 = o, -87 = v*h - 10*h - o. Is h a composite number?
False
Let n be (-213)/(-24)*2 + (-4)/(-16). Suppose n*v = 11623 + 7943. Is v composite?
False
Is ((-36)/(-1))/4 - -25832 prime?
True
Let w(m) be the first derivative of 1/2*m**2 + 370/3*m**3 - m + 16. Is w(-2) a composite number?
True
Let z(x) = -5*x - 2. Let i be z(-1). Let f(h) = h**2 + h - 1. Let a(r) = r**2 + 7*r - 18. Let o(p) = i*f(p) + a(p). Is o(-11) a prime number?
True
Let j(o) = 2*o**2 + 0 + 13*o - 14*o - 4 + 6 + 217*o**3. Let r be j(3). Suppose -5*z + z = -r. Is z composite?
True
Let p be (33/(-15))/(-3 - 128/(-40)). Is 15 + p - ((-4)/(-2) - 1101) prime?
True
Let b(n) = -n**3 - 17*n**2 + 1. Let c be b(-17). Let w be (3/(c - 4))/1. Is w + -3 + (-4 - -759) prime?
True
Suppose 3*c + 4*h = -15030, 4*c - 5*h + 20040 = -9*h. Let r = c + 8581. Is r composite?
False
Suppose -18*u + 8*u + 41670 = 0. Let h = -2713 + u. Is h prime?
False
Let x be (-21)/9 - 582/(-18). Suppose -828399 = -9*a - x*a. Is a a composite number?
True
Suppose 2*j + 5*y - 8 - 3 = 0, -5*y + 7 = 4*j. Is ((-3)/(18/(-1509)))/(j/(-4)) prime?
True
Suppose 4*s = -8, -2*i - 4*s + 502058 = -107308. Is i prime?
True
Let b = 3 - 7. Suppose 26*z + 82*z = -80136. Is (-1 - 2/b)*z composite?
True
Suppose -3*h + 9874 = 1540. Suppose 3*g - h = -28779. Is g/(-9) + -2*2 composite?
True
Let t(l) = 60*l**2 + 194*l + 75. Is t(-49) composite?
True
Let v(b) be the second derivative of 26*b**3/3 + 33*b**2/2 + 80*b. Let t = -7 + 12. Is v(t) prime?
True
Let f = 852 + -604. Suppose 32*b - 42 = 25*b. Suppose -b*i = -f + 62. Is i prime?
True
Suppose -2*w + 12 + 4 = 0. Suppose -w = -12*o + 52. Suppose 0 = -g - 2*t + 985, o*t = 5*g - 6006 + 1021. Is g composite?
True
Let q(n) = -1534*n - 155. Is q(-34) prime?
False
Let k(d) = -2*d - 12. Let p be k(-7). Suppose 0 = p*c - a - 16997, 4*a - 17 - 3 = 0. Is c composite?
False
Is (9372/(-99))/((-16)/15828) a prime number?
False
Let w(a) = -2*a**3 - 72*a**2 + 2*a + 22. Let o be w(-38). Suppose -y - 9*i + o = -6*i, -y + 5742 = -i. Is y a prime number?
True
Let h = 87591 - 17130. Suppose -6*n + h = 3*n. Is n a composite number?
False
Let z be (0/2 - (-6)/(-12))*2760. Suppose 5*j = -2721 - 1844. Let g = j - z. Is g a prime number?
True
Is (-844)/(-9706) + (10819104/46 - -1) a prime number?
True
Let v be ((-6)/(-4))/((-1)/(-2)). Is 5/5*460 - v - 3 composite?
True
Suppose i + 14 = -24. Let o(w) = -2*w**2 - 33*w - 30. Let g be o(-15). Let x = g - i. Is x a composite number?
False
Suppose 23163657 - 7711357 = 100*q. Is q a prime number?
True
Let r(j) = 4072*j**2 - 12*j - 23. Let i be r(-3). Suppose -3*m = 9, -3*s + i = 2*s - 2*m. Is s a composite number?
False
Let i = -1693 - -2440. Suppose -2*u + 5*u + 3*t = 747, -t - i = -3*u. Is u composite?
True
Let v be (126/168)/((-3)/(-16)). Is (127938/44 + v/(-22))*2 a composite number?
True
Suppose 3*u = 0, -d = d - 5*u - 8. Suppose -92325 = -5*x - 9*h + 11*h, 3*x - d*h = 55409. Is x composite?
True
Let m be (-4*5/30)/((-4)/162). Is ((-248)/12)/((-6)/m) a prime number?
False
Suppose 3*t + 21 = 0, 3*m - 73*t + 77*t - 912137 = 0. Is m a prime number?
False
Let l = 867 + 7757. Let h = l + -3415. Is h prime?
True
Suppose -4*z - 283854 = -2*o, -4*o - 48975 + 616708 = -3*z. Is o a composite number?
False
Let g(w) = 68*w**2 - 153*w + 1574. Is g(11) a composite number?
True
Let f = -101 + 139. Suppose -3*x + f + 226 = 0. Suppose 8*m - 176 - x = 0. Is m a composite number?
True
Suppose -27*o = -29*o + 6. Let f(w) = -2*w - 6. Let c be f(-4). Suppose 3*q - o*v - 186 = 0, 30 = c*q - 4*v - 102. Is q prime?
False
Suppose 5*d - 3*l - 351341 = 22602, -2*l = d - 74799. Is d composite?
True
Is (15/3 + (-244)/6)*921*-1 a prime number?
False
Let g(n) = -n**3 - 21*n**2 + 20*n - 35. Let h be g(-22). Suppose h*j = 975 + 2526. Is j a prime number?
True
Suppose -5*z - 3839 = 4*m, 0 = -0*m - 2*m + z - 1923. Suppose -60 = 2*h - 2*g + 3448, 0 = 4*h - 2*g + 7024. Let o = m - h. Is o composite?
False
Let f(v) = -v**2 + 2*v + 26. Let q be f(-11). Suppose 2*z - 1516 = -0*z. Let s = q + z. Is s a prime number?
True
Let p = -433 + 255. Let c = p + 392. Is c a composite number?
True
Suppose 15 + 55 = -r. Let q = r - -73. Suppose -93 = -q*f - 27. Is f prime?
False
Let n(g) = 4*g**2 + 91*g - 1630. Is n(28) prime?
False
Let r(g) = -10*g + 10. Let m be r(0). Is (-2)/(m/45 - 921/4023) prime?
False
Suppose 5*i + 68*z - 64*z = 1680621, 5*i = -3*z + 1680617. Is i composite?
False
Suppose 21*m = 19 + 65. Suppose 2612 = 4*r - j - 8664, m*r + j - 11276 = 0. Is r a prime number?
True
Suppose 4 = 2*l + 4*k - 14, -3*k + 21 = 4*l. Let p(b) = 93*b - 8. Let x(w) = -745*w + 65. Let v(h) = 25*p(h) + 3*x(h). Is v(l) a prime number?
False
Let x = -88 - -93. Let s(k) = 10*k**3 + 4*k**2 - 6*k - 5. Is s(x) composite?
True
Let d(c) = -10*c**3 + 5*c**2 - 6*c - 6. Let g be d(2). Let l = 227 + g. Is l a composite number?
False
Suppose -2*v = 3*l - 95309, 0 = 4*l - 3*l + 3*v - 31772. Is l a composite number?
False
Suppose 2*r + l + 11490 = -0*l, -2*r = 4*l + 11478. Let n = r + 8580. Is n a prime number?
True
Let p = 52 + -50. Suppose p*o + 10592 = -0*o. Let z = o - -78